{"id":530,"date":"2023-02-08T15:28:01","date_gmt":"2023-02-08T14:28:01","guid":{"rendered":"https:\/\/www.ihr-sonnenstudio.com\/henstedt-ulzburg\/?page_id=530"},"modified":"2023-02-17T09:33:09","modified_gmt":"2023-02-17T08:33:09","slug":"agb","status":"publish","type":"page","link":"https:\/\/www.ihr-sonnenstudio.com\/henstedt-ulzburg\/agb\/","title":{"rendered":"AGB"},"content":{"rendered":"\n<h1 class=\"wp-block-heading\">Allgemeine Gesch\u00e4ftsbedingungen und Widerspruchsbelehrung<\/h1>\n\n\n\n<p>Allgemeine Gesch\u00e4ftsbedingungen (AGB) des Sonnenstudios Ihr Sonnenstudio zum Erwerb von Gutscheinen im Fernabsatz und elektronischen Gesch\u00e4ftsverkehr \u00fcber ihr-sonnenstudio.com f\u00fcr die K\u00e4ufe von Privatkunden mit Rechnungsadresse in Deutschland<\/p>\n\n\n\n<p>Stand: 16.02.2023<\/p>\n\n\n\n<ul class=\"wp-block-list\">\n<li>\u00a7 1 Geltungsbereich<\/li>\n\n\n\n<li>\u00a7 2 Vertragsabschluss<\/li>\n\n\n\n<li>\u00a7 3 Widerrufsbelehrung<\/li>\n\n\n\n<li>\u00a7 4 Lieferung und Verf\u00fcgbarkeit<\/li>\n\n\n\n<li>\u00a7 5 Einl\u00f6sung von Gutscheinen<\/li>\n\n\n\n<li>\u00a7 6 Schlussbestimmung<\/li>\n<\/ul>\n\n\n\n<h2 class=\"wp-block-heading\">\u00a7 1 Geltungsbereich<\/h2>\n\n\n\n<p>F\u00fcr den Erwerb von Gutscheinen des Sonnenstudios Ihr Sonnenstudio \u00fcber die Homepage ihr-sonnenstudio.com gelten ausschlie\u00dflich die nachfolgenden allgemeinen Gesch\u00e4ftsbedingungen des Sonnenstudios Ihr Sonnenstudio, Bahnhofstra\u00dfe 13, 25451 Quickborn, Tel: 04106 69495, E-Mail: info@ihr-sonnenstudio.com, in ihrer zum Zeitpunkt der Bestellung g\u00fcltigen Fassung.<\/p>\n\n\n\n<p>Etwaige von diesen Bedingungen abweichende Regelungen gelten nur, sofern sie von uns in Textform best\u00e4tigt worden sind.<\/p>\n\n\n\n<h2 class=\"wp-block-heading\">\u00a7 2 Vertragsabschluss<\/h2>\n\n\n\n<p>(1) Unsere Angaben zu Gutscheinen und Preisen innerhalb eines jeden Bestellvorganges sind freibleibend und unverbindlich. Vielmehr geben zun\u00e4chst Sie durch Ihre Bestellung \u00fcber den Button \u201eJetzt Kaufen\u201c ein bindendes Kaufangebot ab, das noch der Annahme durch uns bedarf. Erst mit der Annahme Ihrer Bestellung kommt der Kaufvertrag \u00fcber die Ware wirksam zustande. Zur Annahme Ihres Kaufangebots sind wir nicht verpflichtet.<\/p>\n\n\n\n<p>(2) Ihre Bestellung wird durch uns angenommen, soweit und indem wir den von Ihnen ausgel\u00f6sten Bestellvorgang per E-Mail best\u00e4tigen. Eine Best\u00e4tigung kann nur erfolgen, wenn Sie unseren allgemeinen Gesch\u00e4ftsbedingungen zuvor zugestimmt haben und dar\u00fcber hinaus die Bezahlung Ihrer Bestellung \u00fcber PayPal erfolgreich veranlasst haben. Ein zur Bestellung erforderliches Passwort d\u00fcrfen Sie nicht an Dritte weitergeben. Im Falle einer Weitergabe stehen Sie auch f\u00fcr Bestellungen des Dritten ein. F\u00fcr jegliche Bestellungen mit Ihrem Passwort und daraus resultierende Forderungen kommen Sie auf.&nbsp;<\/p>\n\n\n\n<h2 class=\"wp-block-heading\">\u00a7 3 Widerrufsbelehrung<\/h2>\n\n\n\n<p><strong>Widerrufsrecht<\/strong><\/p>\n\n\n\n<p>Sie haben das Recht, binnen vierzehn Tagen ohne Angabe von Gr\u00fcnden diesen Vertrag zu widerrufen. Die Widerrufsfrist betr\u00e4gt vierzehn Tage ab dem Tag des Erhalts dieser Belehrung in Textform, jedoch nicht vor Eingang der bestellten Ware beim Empf\u00e4nger<\/p>\n\n\n\n<p>Um Ihr Widerrufsrecht auszu\u00fcben, m\u00fcssen Sie uns<\/p>\n\n\n\n<p>Ihr Sonnenstudio<br>Bahnhofstra\u00dfe 13<br>25451 Quickborn<br>E-Mail: info@ihr-sonnenstudio.com<\/p>\n\n\n\n<p>mittels einer eindeutigen Erkl\u00e4rung in Textform \u00fcber Ihren Entschluss, diesen Vertrag zu widerrufen, informieren. F\u00fcr Ihre Widerrufserkl\u00e4rung in Text- oder Schriftform k\u00f6nnen Sie das beigef\u00fcgte Muster-Widerrufsformular verwenden, das jedoch nicht vorgeschrieben ist.<\/p>\n\n\n\n<p>Wenn Sie den Vertrag mit dem Widerrufsformular widerrufen wollen, dann f\u00fcllen Sie dieses Formular bitte aus und senden Sie es zur\u00fcck an<\/p>\n\n\n\n<p><strong>Widerrufsformular<\/strong><\/p>\n\n\n\n<p>zu senden an:<\/p>\n\n\n\n<p>Ihr Sonnenstudio<br>Bahnhofstra\u00dfe 13<br>25451 Quickborn<br>E-Mail: info@ihr-sonnenstudio.com<\/p>\n\n\n\n<p>Hiermit widerrufe(n) ich \/ wir den von mir \/ uns abgeschlossenen Vertrag \u00fcber den Kauf der folgenden Waren:<\/p>\n\n\n\n<p>bestellt am :<\/p>\n\n\n\n<p>Name des \/ der Besteller(s):<\/p>\n\n\n\n<p>Anschrift des \/ der Besteller(s):<\/p>\n\n\n\n<p>Unterschrift des \/ der Besteller(s) (nur bei Mitteilung auf Papier):<\/p>\n\n\n\n<p>Datum:<\/p>\n\n\n\n<p><strong><a href=\"\/wp-content\/uploads\/sites\/5\/2023\/02\/SunClub-Widerrufsformular_online.pdf\" target=\"_blank\" rel=\"noreferrer noopener\">Widerrufsbelehrung als PDF herunterladen<\/a><\/strong><\/p>\n\n\n\n<p>Zur Wahrung der Widerrufsfrist reicht es aus, dass Sie die Mitteilung \u00fcber die Aus\u00fcbung des Widerrufsrechts vor Ablauf der Widerrufsfrist absenden.<\/p>\n\n\n\n<p><strong>Folgen des Widerrufs<\/strong><\/p>\n\n\n\n<p>Wenn Sie diesen Vertrag widerrufen, haben wir Ihnen alle Zahlungen, die wir von Ihnen erhalten haben, unverz\u00fcglich und sp\u00e4testens binnen vierzehn Tagen ab dem Tag zur\u00fcckzuzahlen, an dem die Mitteilung \u00fcber Ihren Widerruf dieses Vertrags bei uns eingegangen ist. F\u00fcr diese R\u00fcckzahlung verwenden wir dasselbe Zahlungsmittel, das Sie bei der urspr\u00fcnglichen Transaktion eingesetzt haben, es sei denn, mit Ihnen wurde ausdr\u00fccklich etwas anderes vereinbart; in keinem Fall werden Ihnen wegen dieser R\u00fcckzahlung Entgelte berechnet.<\/p>\n\n\n\n<p>Wir k\u00f6nnen die R\u00fcckzahlung verweigern, bis wir die Waren wieder zur\u00fcckerhalten haben oder bis Sie den Nachweis erbracht haben, dass Sie die Waren zur\u00fcckgesandt haben, je nachdem, welches der fr\u00fchere Zeitpunkt ist.<\/p>\n\n\n\n<p>Sie haben die Waren unverz\u00fcglich und in jedem Fall sp\u00e4testens binnen vierzehn Tagen ab dem Tag, an dem Sie uns \u00fcber den Widerruf dieses Vertrags unterrichten, an uns zur\u00fcckzusenden oder zu \u00fcbergeben. Die Frist ist gewahrt, wenn Sie die Waren vor Ablauf der Frist von vierzehn Tagen absenden. Wir tragen die Kosten der R\u00fccksendung der Waren.<\/p>\n\n\n\n<p>Bei der Nutzung einer Dienstleistung erlischt Ihr Widerspruchsrecht vorzeitig, wenn die Ausf\u00fchrung der Dienstleistung mit Ihrer Zustimmung vollst\u00e4ndig oder teilweise vor Ende der Widerspruchsfrist erfolgte.&nbsp;<\/p>\n\n\n\n<h2 class=\"wp-block-heading\">\u00a7 4 Lieferung und Verf\u00fcgbarkeit<\/h2>\n\n\n\n<p>(1) Die Lieferung von Gutscheinen erfolgt ausschlie\u00dflich per E-Mail zum Selbstausdrucken.<\/p>\n\n\n\n<p>(2) Das Sonnenstudio ist zu Teillieferungen berechtigt, wenn dies dem Kunden zumutbar ist.<\/p>\n\n\n\n<p>(3) Bei Lieferverz\u00f6gerungen von mehr als vier Wochen hat der Kunde das Recht, vom Vertrag&nbsp;&nbsp; zur\u00fcckzutreten. Im \u00dcbrigen ist in diesem Fall auch das Sonnenstudio berechtigt, sich vom Vertrag zu l\u00f6sen. Hierbei werden eventuell vom Kunden bereits geleistete Zahlungen unverz\u00fcglich erstattet. Weitere gegenseitige Anspr\u00fcche sind ausgeschlossen.<\/p>\n\n\n\n<p>(4) Sofern Gutscheine sich auf spezielle Behandlungen und Angebote des Sonnenstudios beziehen, und das Sonnenstudio diese im Angebotssortiment nicht mehr f\u00fchrt, hat der Kunde das Recht, auf die Erstattung des geleisteten Kaufpreises. Weitere Anspr\u00fcche bestehen nicht.<\/p>\n\n\n\n<p>\u00a7 5 Einl\u00f6sung von Gutscheinen<\/p>\n\n\n\n<p>(1) Gutscheine sind bis zum Ende des dritten Jahres nach Kauf des Gutscheins einl\u00f6sbar bzw. g\u00fcltig (Ablaufdatum), es sei denn die G\u00fcltigkeit ist im Einzelfall beschr\u00e4nkt und das Sonnenstudio hat diese Beschr\u00e4nkung dem Kunden vor Abschluss des Kaufvertrages mitgeteilt.<\/p>\n\n\n\n<p>(1) Restguthaben werden bis zum Ablaufdatum dem Gutscheinkonto gutgeschrieben, danach k\u00f6nnen sie nicht mehr verwendet werden.<\/p>\n\n\n\n<p>(2) Gutscheine des Sonnenstudios k\u00f6nnen nur an der Kasse des Sonnenstudios eingel\u00f6st werden. Sollte der Wert eines Gutscheins f\u00fcr die gew\u00fcnschte Bezahlung nicht ausreichen, kann der Kunde die Differenz mit einer anderen, von dem Sonnenstudio zugelassenen Zahlungsweise oder durch die Einl\u00f6sung weiterer Gutscheine begleichen.<\/p>\n\n\n\n<p>\u00a7 6 Schlussbestimmung<\/p>\n\n\n\n<p>Sollten einzelne Klauseln dieser AGB ganz oder teilweise ung\u00fcltig sein, ber\u00fchrt das die Wirksamkeit der \u00fcbrigen Bestimmungen nicht.<\/p>\n","protected":false},"excerpt":{"rendered":"<p>Allgemeine Gesch\u00e4ftsbedingungen und Widerspruchsbelehrung Allgemeine Gesch\u00e4ftsbedingungen (AGB) des Sonnenstudios Ihr Sonnenstudio zum Erwerb von Gutscheinen im Fernabsatz und elektronischen Gesch\u00e4ftsverkehr \u00fcber ihr-sonnenstudio.com f\u00fcr die K\u00e4ufe von Privatkunden mit Rechnungsadresse in Deutschland Stand: 16.02.2023 \u00a7 1 Geltungsbereich F\u00fcr den Erwerb von Gutscheinen des Sonnenstudios Ihr Sonnenstudio \u00fcber die Homepage ihr-sonnenstudio.com gelten ausschlie\u00dflich die nachfolgenden allgemeinen Gesch\u00e4ftsbedingungen [&hellip;]<\/p>\n","protected":false},"author":2,"featured_media":0,"parent":0,"menu_order":0,"comment_status":"closed","ping_status":"closed","template":"","meta":{"footnotes":""},"class_list":["post-530","page","type-page","status-publish","hentry"],"yoast_head":"<!-- This site is optimized with the Yoast SEO plugin v27.4 - https:\/\/yoast.com\/product\/yoast-seo-wordpress\/ -->\n<title>AGB - Ihr Sonnenstudio Henstedt-Ulzburg<\/title>\n<meta name=\"robots\" content=\"index, follow, max-snippet:-1, max-image-preview:large, max-video-preview:-1\" \/>\n<link rel=\"canonical\" href=\"https:\/\/www.ihr-sonnenstudio.com\/henstedt-ulzburg\/agb\/\" \/>\n<meta property=\"og:locale\" content=\"de_DE\" \/>\n<meta property=\"og:type\" content=\"article\" \/>\n<meta property=\"og:title\" content=\"AGB - Ihr Sonnenstudio Henstedt-Ulzburg\" \/>\n<meta property=\"og:description\" content=\"Allgemeine Gesch\u00e4ftsbedingungen und Widerspruchsbelehrung Allgemeine Gesch\u00e4ftsbedingungen (AGB) des Sonnenstudios Ihr Sonnenstudio zum Erwerb von Gutscheinen im Fernabsatz und elektronischen Gesch\u00e4ftsverkehr \u00fcber ihr-sonnenstudio.com f\u00fcr die K\u00e4ufe von Privatkunden mit Rechnungsadresse in Deutschland Stand: 16.02.2023 \u00a7 1 Geltungsbereich F\u00fcr den Erwerb von Gutscheinen des Sonnenstudios Ihr Sonnenstudio \u00fcber die Homepage ihr-sonnenstudio.com gelten ausschlie\u00dflich die nachfolgenden allgemeinen Gesch\u00e4ftsbedingungen [&hellip;]\" \/>\n<meta property=\"og:url\" content=\"https:\/\/www.ihr-sonnenstudio.com\/henstedt-ulzburg\/agb\/\" \/>\n<meta property=\"og:site_name\" content=\"Ihr Sonnenstudio Henstedt-Ulzburg\" \/>\n<meta property=\"article:modified_time\" content=\"2023-02-17T08:33:09+00:00\" \/>\n<meta name=\"twitter:card\" content=\"summary_large_image\" \/>\n<meta name=\"twitter:label1\" content=\"Gesch\u00e4tzte Lesezeit\" \/>\n\t<meta name=\"twitter:data1\" content=\"5\u00a0Minuten\" \/>\n<script type=\"application\/ld+json\" class=\"yoast-schema-graph\">{\"@context\":\"https:\\\/\\\/schema.org\",\"@graph\":[{\"@type\":\"WebPage\",\"@id\":\"https:\\\/\\\/www.ihr-sonnenstudio.com\\\/henstedt-ulzburg\\\/agb\\\/\",\"url\":\"https:\\\/\\\/www.ihr-sonnenstudio.com\\\/henstedt-ulzburg\\\/agb\\\/\",\"name\":\"AGB - Ihr Sonnenstudio Henstedt-Ulzburg\",\"isPartOf\":{\"@id\":\"https:\\\/\\\/www.ihr-sonnenstudio.com\\\/henstedt-ulzburg\\\/#website\"},\"datePublished\":\"2023-02-08T14:28:01+00:00\",\"dateModified\":\"2023-02-17T08:33:09+00:00\",\"breadcrumb\":{\"@id\":\"https:\\\/\\\/www.ihr-sonnenstudio.com\\\/henstedt-ulzburg\\\/agb\\\/#breadcrumb\"},\"inLanguage\":\"de\",\"potentialAction\":[{\"@type\":\"ReadAction\",\"target\":[\"https:\\\/\\\/www.ihr-sonnenstudio.com\\\/henstedt-ulzburg\\\/agb\\\/\"]}]},{\"@type\":\"BreadcrumbList\",\"@id\":\"https:\\\/\\\/www.ihr-sonnenstudio.com\\\/henstedt-ulzburg\\\/agb\\\/#breadcrumb\",\"itemListElement\":[{\"@type\":\"ListItem\",\"position\":1,\"name\":\"Startseite\",\"item\":\"https:\\\/\\\/www.ihr-sonnenstudio.com\\\/henstedt-ulzburg\\\/home\\\/\"},{\"@type\":\"ListItem\",\"position\":2,\"name\":\"AGB\"}]},{\"@type\":\"WebSite\",\"@id\":\"https:\\\/\\\/www.ihr-sonnenstudio.com\\\/henstedt-ulzburg\\\/#website\",\"url\":\"https:\\\/\\\/www.ihr-sonnenstudio.com\\\/henstedt-ulzburg\\\/\",\"name\":\"Ihr Sonnenstudio Henstedt-Ulzburg\",\"description\":\"\",\"potentialAction\":[{\"@type\":\"SearchAction\",\"target\":{\"@type\":\"EntryPoint\",\"urlTemplate\":\"https:\\\/\\\/www.ihr-sonnenstudio.com\\\/henstedt-ulzburg\\\/?s={search_term_string}\"},\"query-input\":{\"@type\":\"PropertyValueSpecification\",\"valueRequired\":true,\"valueName\":\"search_term_string\"}}],\"inLanguage\":\"de\"}]}<\/script>\n<!-- \/ Yoast SEO plugin. -->","yoast_head_json":{"title":"AGB - Ihr Sonnenstudio Henstedt-Ulzburg","robots":{"index":"index","follow":"follow","max-snippet":"max-snippet:-1","max-image-preview":"max-image-preview:large","max-video-preview":"max-video-preview:-1"},"canonical":"https:\/\/www.ihr-sonnenstudio.com\/henstedt-ulzburg\/agb\/","og_locale":"de_DE","og_type":"article","og_title":"AGB - Ihr Sonnenstudio Henstedt-Ulzburg","og_description":"Allgemeine Gesch\u00e4ftsbedingungen und Widerspruchsbelehrung Allgemeine Gesch\u00e4ftsbedingungen (AGB) des Sonnenstudios Ihr Sonnenstudio zum Erwerb von Gutscheinen im Fernabsatz und elektronischen Gesch\u00e4ftsverkehr \u00fcber ihr-sonnenstudio.com f\u00fcr die K\u00e4ufe von Privatkunden mit Rechnungsadresse in Deutschland Stand: 16.02.2023 \u00a7 1 Geltungsbereich F\u00fcr den Erwerb von Gutscheinen des Sonnenstudios Ihr Sonnenstudio \u00fcber die Homepage ihr-sonnenstudio.com gelten ausschlie\u00dflich die nachfolgenden allgemeinen Gesch\u00e4ftsbedingungen [&hellip;]","og_url":"https:\/\/www.ihr-sonnenstudio.com\/henstedt-ulzburg\/agb\/","og_site_name":"Ihr Sonnenstudio Henstedt-Ulzburg","article_modified_time":"2023-02-17T08:33:09+00:00","twitter_card":"summary_large_image","twitter_misc":{"Gesch\u00e4tzte Lesezeit":"5\u00a0Minuten"},"schema":{"@context":"https:\/\/schema.org","@graph":[{"@type":"WebPage","@id":"https:\/\/www.ihr-sonnenstudio.com\/henstedt-ulzburg\/agb\/","url":"https:\/\/www.ihr-sonnenstudio.com\/henstedt-ulzburg\/agb\/","name":"AGB - Ihr Sonnenstudio Henstedt-Ulzburg","isPartOf":{"@id":"https:\/\/www.ihr-sonnenstudio.com\/henstedt-ulzburg\/#website"},"datePublished":"2023-02-08T14:28:01+00:00","dateModified":"2023-02-17T08:33:09+00:00","breadcrumb":{"@id":"https:\/\/www.ihr-sonnenstudio.com\/henstedt-ulzburg\/agb\/#breadcrumb"},"inLanguage":"de","potentialAction":[{"@type":"ReadAction","target":["https:\/\/www.ihr-sonnenstudio.com\/henstedt-ulzburg\/agb\/"]}]},{"@type":"BreadcrumbList","@id":"https:\/\/www.ihr-sonnenstudio.com\/henstedt-ulzburg\/agb\/#breadcrumb","itemListElement":[{"@type":"ListItem","position":1,"name":"Startseite","item":"https:\/\/www.ihr-sonnenstudio.com\/henstedt-ulzburg\/home\/"},{"@type":"ListItem","position":2,"name":"AGB"}]},{"@type":"WebSite","@id":"https:\/\/www.ihr-sonnenstudio.com\/henstedt-ulzburg\/#website","url":"https:\/\/www.ihr-sonnenstudio.com\/henstedt-ulzburg\/","name":"Ihr Sonnenstudio Henstedt-Ulzburg","description":"","potentialAction":[{"@type":"SearchAction","target":{"@type":"EntryPoint","urlTemplate":"https:\/\/www.ihr-sonnenstudio.com\/henstedt-ulzburg\/?s={search_term_string}"},"query-input":{"@type":"PropertyValueSpecification","valueRequired":true,"valueName":"search_term_string"}}],"inLanguage":"de"}]}},"_links":{"self":[{"href":"https:\/\/www.ihr-sonnenstudio.com\/henstedt-ulzburg\/wp-json\/wp\/v2\/pages\/530","targetHints":{"allow":["GET"]}}],"collection":[{"href":"https:\/\/www.ihr-sonnenstudio.com\/henstedt-ulzburg\/wp-json\/wp\/v2\/pages"}],"about":[{"href":"https:\/\/www.ihr-sonnenstudio.com\/henstedt-ulzburg\/wp-json\/wp\/v2\/types\/page"}],"author":[{"embeddable":true,"href":"https:\/\/www.ihr-sonnenstudio.com\/henstedt-ulzburg\/wp-json\/wp\/v2\/users\/2"}],"replies":[{"embeddable":true,"href":"https:\/\/www.ihr-sonnenstudio.com\/henstedt-ulzburg\/wp-json\/wp\/v2\/comments?post=530"}],"version-history":[{"count":0,"href":"https:\/\/www.ihr-sonnenstudio.com\/henstedt-ulzburg\/wp-json\/wp\/v2\/pages\/530\/revisions"}],"wp:attachment":[{"href":"https:\/\/www.ihr-sonnenstudio.com\/henstedt-ulzburg\/wp-json\/wp\/v2\/media?parent=530"}],"curies":[{"name":"wp","href":"https:\/\/api.w.org\/{rel}","templated":true}]}}